nder when 6480 is divided by 6353.
127
What is the remainder when 53460 is divided by 90?
0
Calculate the remainder when 797105 is divided by 25713.
2
Calculate the remainder when 1887669 is divided by 157.
58
What is the remainder when 1146502 is divided by 2275?
2177
Calculate the remainder when 602799 is divided by 27390.
219
Calculate the remainder when 1539870 is divided by 3540.
3510
Calculate the remainder when 37295 is divided by 145.
30
What is the remainder when 193295 is divided by 193281?
14
What is the remainder when 5619937 is divided by 29?
27
What is the remainder when 3496906 is divided by 378?
28
What is the remainder when 7204998 is divided by 184743?
21
What is the remainder when 7333567 is divided by 31747?
10
Calculate the remainder when 142451 is divided by 35609.
15
Calculate the remainder when 2849295 is divided by 158251.
777
What is the remainder when 291456 is divided by 700?
256
Calculate the remainder when 42169 is divided by 1381.
739
What is the remainder when 200566271 is divided by 11?
4
Calculate the remainder when 1195710 is divided by 358.
348
What is the remainder when 293207 is divided by 1047?
47
Calculate the remainder when 122418 is divided by 20319.
504
Calculate the remainder when 10163108 is divided by 10162998.
110
What is the remainder when 1799055 is divided by 230?
225
Calculate the remainder when 723990269 is divided by 1912.
1909
Calculate the remainder when 2501328 is divided by 17.
16
What is the remainder when 842722 is divided by 250?
222
Calculate the remainder when 77832394 is divided by 449.
40
What is the remainder when 440157 is divided by 40014?
3
Calculate the remainder when 2257189 is divided by 282140.
69
What is the remainder when 20755 is divided by 106?
85
What is the remainder when 949223 is divided by 397?
393
What is the remainder when 462386 is divided by 96?
50
What is the remainder when 1923332 is divided by 320538?
104
What is the remainder when 3305415 is divided by 472162?
281
Calculate the remainder when 2856551 is divided by 12.
11
Calculate the remainder when 7278149 is divided by 33.
32
Calculate the remainder when 699388 is divided by 1793.
118
Calculate the remainder when 4315859 is divided by 205517.
2
Calculate the remainder when 8462967 is divided by 96.
87
Calculate the remainder when 907704 is divided by 2759.
2752
What is the remainder when 2882743 is divided by 720603?
331
What is the remainder when 4124800 is divided by 4?
0
What is the remainder when 9928658 is divided by 152748?
38
Calculate the remainder when 23758 is divided by 1420.
1038
Calculate the remainder when 38872450 is divided by 431916.
10
What is the remainder when 43780 is divided by 6190?
450
Calculate the remainder when 2153055 is divided by 717650.
105
Calculate the remainder when 311766929 is divided by 6454.
5
What is the remainder when 67487343 is divided by 10196?
19
Calculate the remainder when 5598042 is divided by 6227.
6196
Calculate the remainder when 5826033 is divided by 512.
497
What is the remainder when 22724 is divided by 22456?
268
Calculate the remainder when 1585706 is divided by 713.
707
Calculate the remainder when 1624095 is divided by 19.
13
What is the remainder when 65570308 is divided by 79?
71
Calculate the remainder when 36627204 is divided by 643.
638
Calculate the remainder when 5144704 is divided by 62.
6
Calculate the remainder when 6076033 is divided by 379740.
193
What is the remainder when 258147 is divided by 5491?
70
What is the remainder when 3157862 is divided by 1156?
826
Calculate the remainder when 811949 is divided by 1033.
11
Calculate the remainder when 841981 is divided by 280655.
16
What is the remainder when 32388181 is divided by 339?
121
What is the remainder when 64663420 is divided by 4443?
4441
What is the remainder when 3550 is divided by 3229?
321
What is the remainder when 10952525 is divided by 116516?
21
Calculate the remainder when 2160500 is divided by 4854.
470
Calculate the remainder when 210938 is divided by 517.
2
Calculate the remainder when 1097095 is divided by 156726.
13
Calculate the remainder when 465305 is divided by 271.
269
Calculate the remainder when 49134 is divided by 7851.
2028
Calculate the remainder when 9693373 is divided by 9693348.
25
Calculate the remainder when 17041 is divided by 14280.
2761
Calculate the remainder when 55286 is divided by 1567.
441
What is the remainder when 7201707 is divided by 101432?
35
What is the remainder when 51350 is divided by 389?
2
Calculate the remainder when 2164105 is divided by 1082010.
85
Calculate the remainder when 52813162 is divided by 287.
283
What is the remainder when 267119 is divided by 2644?
75
Calculate the remainder when 70649091 is divided by 793810.
1
What is the remainder when 346572 is divided by 1083?
12
What is the remainder when 715092 is divided by 1216?
84
What is the remainder when 113776951 is divided by 95?
11
What is the remainder when 259852 is divided by 419?
72
Calculate the remainder when 437279926 is divided by 219.
217
What is the remainder when 2488337 is divided by 50781?
68
What is the remainder when 254847 is divided by 458?
199
Calculate the remainder when 53123068 is divided by 26561527.
14
What is the remainder when 860098322 is divided by 31?
5
Calculate the remainder when 838846 is divided by 154.
8
What is the remainder when 27283 is divided by 13482?
319
Calculate the remainder when 799697 is divided by 24214.
635
What is the remainder when 2186846 is divided by 218630?
546
Calculate the remainder when 270618 is divided by 291.
279
Calculate the remainder when 110159009 is divided by 1006.
1003
Calculate the remainder when 484914 is divided by 121196.
130
What is the remainder when 41699 is divided by 1237?
878
What is the remainder when 4593896 is divided by 1045?
76
Calculate the remainder when 22122638 is divided by 693.
692
Calculate the remainder when 5725872 is divided by 5725848.
24
Calculate the remainder when 69885 is divided by 69858.
27
What is the remainder when 110307 is divided by 6711?
2931
Calculate the remainder when 74454 is divided by 74321.
133
What is the remainder when 12178403 is divided by 17?
11
What is the remainder when 858550 is divided by 45?
40
What is the remainder when 303927 is divided by 265?
237
Calculate the remainder when 43920 is divided by 21193.
1534
Calculate the remainder when 571367 is divided by 334.
227
What is the remainder when 2724326 is divided by 4387?
4386
What is the remainder when 1228504 is divided by 64580?
1484
Calculate the remainder when 23594260 is divided by 471885.
10
Calculate the remainder when 329837 is divided by 36633.
140
What is the remainder when 6922847 is divided by 1730711?
3
Calculate the remainder when 717214 is divided by 773.
643
Calculate the remainder when 39365 is divided by 3573.
62
Calculate the remainder when 60254 is divided by 4979.
506
Calculate the remainder when 359359 is divided by 198.
187
Calculate the remainder when 8611 is divided by 7454.
1157
What is the remainder when 79942 is divided by 751?
336
What is the remainder when 1312225 is divided by 437276?
397
What is the remainder when 43145 is divided by 1298?
311
What is the remainder when 1440281 is divided by 4602?
4457
What is the remainder when 88521 is divided by 53?
11
What is the remainder when 22510112 is divided by 17066?
58
Calculate the remainder when 337521 is divided by 7155.
1236
Calculate the remainder when 4383447 is divided by 13.
3
Calculate the remainder when 16966870 is divided by 73133.
14
What is the remainder when 228402 is divided by 71?
66
What is the remainder when 2252119 is divided by 160744?
1703
Calculate the remainder when 7127094 is divided by 1425418.
4
What is the remainder when 12636894 is divided by 8?
6
What is the remainder when 1533820 is divided by 1335?
1240
Calculate the remainder when 139333 is divided by 34817.
65
What is the remainder when 2540294 is divided by 143?
42
Calculate the remainder when 7685604 is divided by 403.
394
What is the remainder when 487433 is divided by 821?
580
Calculate the remainder when 887238 is divided by 211.
194
Calculate the remainder when 4150621 is divided by 1145.
1141
Calculate the remainder when 2109